hest common factor of 46 and o?
23
Let l(b) = b**2 - 2*b + 2. Let w be l(2). Suppose -d = -3*k + 1, -k - 3*k + 3*d = w. Let s be (2 + 1 - 2)*k. What is the highest common divisor of 1 and s?
1
Let o(c) = 6*c + 59. Let d(n) = -3*n - 29. Let z(u) = -13*d(u) - 6*o(u). Let f be z(7). What is the greatest common factor of f and 66?
22
Let v = 446 - 350. Calculate the highest common divisor of v and 336.
48
Let m = 0 - -18. Suppose -m = -2*a + a. Suppose 22*f + 108 = 26*f. Calculate the highest common divisor of a and f.
9
Let z(c) = c**3 - 41*c**2 + 44*c - 130. Let r be z(40). What is the greatest common divisor of 120 and r?
30
Let l = -9 - -69. Suppose -3*r - 21 = z - l, -57 = -3*r + 5*z. Calculate the highest common divisor of 2 and r.
2
Let a be 1/(-7 - (-108581)/15510). What is the highest common factor of a and 30?
30
Let h be ((-4)/(-16))/((-1)/(-8)). Suppose -h*s + 33 = -5*z, 0 = s + 4*s - 4*z - 108. Let i = -18 + s. Calculate the greatest common factor of i and 3.
3
Suppose -6 = 2*l + 3*i, -4*i - 28 = -7*l + 3*l. Suppose l*v + 0 = 21. Let j = v + 37. Calculate the highest common divisor of j and 22.
22
Suppose 2*c - 4*c = -18. Let z = 56 + -31. Let a = z - -11. What is the highest common factor of c and a?
9
Suppose -5309 = -20*j - 89. Calculate the highest common divisor of 18 and j.
9
Suppose 196 = 2*j - 4*x, -3*x - 243 = -4*j + 139. Let q = j + 46. What is the greatest common factor of 56 and q?
28
Let f be (-15)/(-10)*16/6. Suppose 0 = f*t - 124 - 116. What is the highest common factor of t and 6?
6
Let o be 26 + 9/((-63)/(-49)). Calculate the greatest common factor of 9 and o.
3
Suppose 0 = -j + 2*n + 44, 3*n - 17 = 2*j - 107. Let i(c) = -c**2 - 12*c + 16. Let b be i(-10). What is the greatest common divisor of b and j?
12
Let z(y) be the third derivative of -y**5/60 - 2*y**4/3 - 26*y**2. Let w be z(-6). What is the greatest common divisor of w and 150?
30
Suppose -5*o + 5*s = -820, o - 5*s + 647 = 5*o. Suppose 2*w - 3*t + 2*t - o = 0, w - 89 = -t. What is the greatest common divisor of 12 and w?
12
Let o(p) = 5*p**3 + 0*p**2 + 3 + 9*p - 6*p**2 + 1. Let n be o(4). Calculate the highest common factor of n and 33.
33
Suppose -z + 5*v - 2 = 0, 4*v = -9*z + 6*z + 13. Calculate the highest common factor of z and 192.
3
Let m(k) = -2*k + 76. Let c be m(8). What is the highest common factor of c and 75?
15
Let s be 2 + -1 - (-4 + 140). Let q = s - -212. Calculate the highest common divisor of 7 and q.
7
Suppose -g + 98 + 45 = 0. Let u = 2 - 10. Let m be ((-2)/u)/(30/1560). Calculate the highest common divisor of g and m.
13
Let u(p) = -p**2 + 18*p - 39. Let i be u(14). Suppose 2*r = -5*q + i, 3 = -q - 2*q. What is the highest common factor of r and 176?
11
Let a(s) be the third derivative of s**5/60 + s**4/24 - 2*s**3/3 + 8*s**2. Let m be a(3). What is the greatest common factor of m and 4?
4
Let f be 34/(-119) - 2526/(-21). Calculate the greatest common divisor of 90 and f.
30
Suppose 3*p - 19 - 17 = 0. Let y(s) = -s**2 - 9*s + 9. Let f be y(-9). Let o be (f/6)/(1/2). What is the highest common factor of o and p?
3
Suppose 2*u + 46 = -0*u. Let r = -17 - u. Let g = 5 + r. What is the highest common factor of g and 99?
11
Let q be (-21)/(7 + -9 + (-3)/(-3)). Calculate the highest common divisor of q and 210.
21
Let m(j) = 6*j - 22*j**2 - 11*j**3 - 19 + 10*j**3 + 15*j. Let n be m(-23). What is the highest common divisor of n and 9?
9
Let s be ((-44)/10)/(1/(-5)). Let d(k) = 12*k + 2*k**2 + 0*k**2 - 2*k**2 - k**2 - 25. Let u be d(9). What is the greatest common factor of s and u?
2
Suppose -38*c - 57*c + 2599 = -2246. Let p be (34/4)/(2/16). Calculate the greatest common factor of c and p.
17
Let l(z) = -z**2 - 10*z - 6. Let d be l(-7). Let n(k) = -11 - d - 2*k + 22. Let g be n(-9). What is the highest common divisor of 112 and g?
14
Let p = -11 + 21. Suppose -x - x - 4*s + 30 = 0, -3*x + s = -p. Suppose -5*r - m = -925, -x*m + 393 = 4*r - 2*r. What is the highest common factor of 23 and r?
23
Suppose -159 = 17*x - 669. Calculate the highest common divisor of 270 and x.
30
Let t be 2781/81 + (-2)/6. What is the highest common divisor of 1088 and t?
34
Let v be ((-16 - -3) + 11)*(-200)/2. Calculate the highest common divisor of 24 and v.
8
Let s(o) = 2*o. Let a be s(-17). Let y = a + 46. What is the highest common factor of y and 12?
12
Let b(g) = 2*g**2 + 9*g - 8. Let l be b(-6). Suppose a = j + 5, -5*a + 3 = j - l. Calculate the highest common factor of a and 12.
3
Suppose -240 = 5*i - i. Let k be ((-70)/(-4))/((-15)/i). Calculate the highest common divisor of k and 10.
10
Let o be 54/(-36) - (-702)/4. What is the greatest common factor of 6 and o?
6
Suppose -36*l = -60 - 9300. What is the greatest common factor of l and 416?
52
Let w(m) = -m**3 - 5*m**2 - 8*m - 14. Let y be w(-4). Let v be 4 + (0 - (y + -40)). What is the highest common factor of v and 14?
14
Let w(k) = -2*k**3 - 3*k**2 + k + 1. Let o be w(2). Let h = -14 - o. Suppose -3*i + h = -4. Calculate the greatest common factor of i and 35.
5
Let n = 589 + -584. What is the highest common factor of 295 and n?
5
Let r(v) = 6*v**3 + v**2 + 3*v + 2. Let q be r(-1). Let t be q*((-10)/9 - 2/9). What is the greatest common factor of t and 24?
8
Let s be ((-3)/9)/(4/2040*-2). Calculate the greatest common divisor of s and 408.
17
Let u(n) = -2*n + 412. Let i be u(-38). Calculate the highest common divisor of i and 305.
61
Suppose 42*n = 7*n + 7560. What is the greatest common divisor of n and 120?
24
Suppose 2*m = 3*q + 138, -5*q - 76 = -83*m + 82*m. What is the highest common divisor of m and 1023?
33
Let f = 14 - 10. Let s(d) = -d**3 - 13*d**2 - 14*d + 20. Let u be s(-12). Calculate the highest common factor of f and u.
4
Suppose 0 = -2*y - 4*y - 48. Let f = y - -13. What is the highest common divisor of f and 40?
5
Let d be (-4)/(-8) + 3/2. Suppose 4 = m - d. Calculate the greatest common factor of m and 2.
2
Let o be 10/(-105) - (-2780)/84. Let t = 35 + -24. Calculate the greatest common factor of t and o.
11
Suppose 2*p + 0*p = 192. Suppose 5*x = 14*x - 54. Suppose 58 = -2*o + x*o + 5*n, 3*n - 66 = -5*o. Calculate the greatest common divisor of o and p.
12
Suppose -3969 = -33*l + 26*l. What is the greatest common divisor of 63 and l?
63
Let o be 52*3 - (-3 - -9). Suppose b = 2*l - 17, -12 - 4 = -l + 2*b. What is the greatest common divisor of l and o?
6
Let k be (-5)/(-2*1/2). Suppose -k*j + 12 + 8 = 0. Suppose -30 = -p + j*n, -27 = -p - 0*p + 3*n. Calculate the highest common divisor of p and 36.
18
Suppose 28*b = 48*b - 480. Calculate the highest common factor of b and 312.
24
Let x(h) be the second derivative of h**3/6 + 15*h**2/2 - 8*h. Let q be x(-11). Let d be (((-24)/3)/4)/(-2). What is the highest common factor of d and q?
1
Let v be 10/70 - 13/(-7). Let f be (18/v)/((-6)/(-12)). Calculate the greatest common divisor of f and 126.
18
Suppose -h = -5*l - 115 - 24, 3*h = -5*l - 123. Let k be 4 - 0 - (1 + l). Calculate the greatest common divisor of 120 and k.
30
Let d(t) = -t**2 + 8*t - 1. Let w be (1 + -5)/(-4)*8. Let r be d(w). Let v be r - -3 - 12/(-6). Calculate the highest common divisor of 32 and v.
4
Suppose -m + 5 = k, 9 = 3*m + 7*k - 2*k. Let y = -14 + m. Let j be 4/y - 100/(-6). Calculate the greatest common divisor of j and 16.
16
Let j(k) = k**3 - 4*k**2 - 9*k + 4. Suppose 3*c - 2*c - 5 = -n, -2*n = 4*c - 22. Let o be j(c). Calculate the highest common factor of 176 and o.
22
Let y(s) = 32*s + 9. Let q be y(1). What is the highest common factor of 205 and q?
41
Suppose -3*b + 5*w - 5 = -4*b, 2*b - 3*w = 23. Let l be (b/(-6) - -4)*(-27)/(-3). Let y = 116 + -32. What is the highest common divisor of y and l?
21
Let z be 6 + 18 + 121 + -7 + 0. What is the greatest common divisor of z and 69?
69
Let z = 1366 + -435. What is the highest common divisor of z and 49?
49
Let o be -23 + 20 - (2*-2 + 1). Suppose 3 = 3*k - 4*v, o = -3*k + v + 3 - 0. What is the highest common divisor of k and 1?
1
Suppose 2*f - 140 = -4*n, -13*f + 3*n = -15*f + 136. Let d be 97 + -4*(-2 - -3). What is the greatest common factor of d and f?
31
Suppose -3*t - t + 1528 = 0. Let x = t - 235. Suppose -2*a + 1 = -41. Calculate the highest common divisor of x and a.
21
Let j be (462/99)/((-1)/(9/(-3